ve of 3*b**3 - b**2 + b + 1. Suppose 5*w + 2*x = 9, -10*x + 8*x = -4. What is q(w)?
8
Let y(v) be the third derivative of v**6/120 + v**5/15 - v**4/6 + 2*v**3/3 - v**2. Let d be y(-5). Let q(w) = -2*w - 1 - 2*w**2 + 1 - 6*w**3 + w. Give q(d).
5
Let s(p) = p**3 - 6*p**2 + 5*p - 4. Let r be 2*(63/6 - 0). Let k = r + -16. Give s(k).
-4
Let d(q) = 20*q**3 - q + 241*q**2 - 241*q**2. Give d(1).
19
Let l be ((-16)/(-8))/((-6)/3). Let i(w) = 2*w**2 + 3*w + 3. Let f(b) = -5*b**2 - 8*b - 8. Let c(k) = 4*f(k) + 11*i(k). What is c(l)?
2
Suppose 4 = -5*w + 24. Let u(t) = t + 2*t - w*t + 2*t. What is u(-3)?
-3
Let p = -18 + 10. Let o(u) = 11*u**3 + 14*u**2 + 3*u + 11. Let j(t) = -5 - 8*t**2 - 2*t - t**2 - 2 - 7*t**3. Let a(h) = p*j(h) - 5*o(h). Calculate a(-2).
-1
Suppose -3*z - 12 = -2*u, 2*z + 20 = -u - 3*z. Let n(o) = o + 3. Give n(u).
3
Let y(a) be the first derivative of 3*a**2/2 + a + 1. Let v(t) = -t - 1. Let w be v(-4). Suppose 2*p = 4*j - 8, -w*j - p + 4 = 3. Calculate y(j).
4
Let s(p) = -p**2 + 7*p + 7. Let r(z) = 2*z**2 - 14*z - 14. Let i(n) = -6*r(n) - 13*s(n). Calculate i(6).
-13
Let a(d) = -d**3 + 6*d**2 - 7*d + 6. Let t(s) = -s**3 - 20*s**2 - 18*s + 23. Let j be t(-19). What is a(j)?
10
Let g(o) = -o**2 - 2*o + 2. Let w = 1 + -1. Suppose w*j - 5*j = 0. Let y be -3*4/3 - j. Determine g(y).
-6
Let v(o) = o. Let c be v(7). Let a(l) = 3*l**2 + 2*l**2 - c*l**2. What is a(-1)?
-2
Let u(m) be the second derivative of m - 1/6*m**3 + 0 + m**2. Calculate u(4).
-2
Let o(u) = 24*u**2 - 42*u**2 + 19*u**2 - u + 2. What is o(-2)?
8
Let l(q) = -2*q - 7. Suppose h - 24 = 5*h. Determine l(h).
5
Let i(f) be the second derivative of -f**4/12 - 2*f**3/3 - 2*f**2 - f. Let a be 6*1/(-10) - 34/10. Determine i(a).
-4
Let k = 7 - 7. Let u = k + 2. Let t(h) be the third derivative of h**4/12 - h**3/6 - h**2. Determine t(u).
3
Let t(n) = n**2 + n + 1. Let i(u) = -u - 1. Let c be 14/7*(-1)/(-1). Let x(r) = c*t(r) + i(r). Calculate x(-2).
7
Let n(t) = -5*t**3 - 3*t**2 + 2*t + 6. Let d(m) = -3*m**3 - m**2 + m + 3. Let v(u) = -7*d(u) + 4*n(u). Let j be 308/99 - (-2)/(-18). Calculate v(j).
-12
Let g(a) be the second derivative of 0 + 1/6*a**3 - 1/2*a**2 + 2*a. Determine g(-4).
-5
Let d(x) = 5*x - 13. Let c(i) = -i + 1. Let u(q) = -4*c(q) - d(q). Give u(9).
0
Suppose 5*b + 4*v - 88 = 0, -2*v + 0 = 6. Suppose 7*x - b = 2*x. Let p(q) = 3*q + 0*q - x*q - 2 + 2*q. Give p(-4).
-6
Let u(n) = n**2 - 4*n - 2. Suppose 0*p = -p - 5. Let y = 0 - p. What is u(y)?
3
Let l(w) = -w**3 - w**2 - w + 3. Let u be (-34)/(-6) + 2/(-3). Let m be 8/20 + (-2)/u. What is l(m)?
3
Let t(f) = f**3 - 3*f - 2. Let p be t(-2). Let a(r) = r + 4. Calculate a(p).
0
Let q(w) be the first derivative of 4*w**3/3 + w**2/2 - 5. What is q(-1)?
3
Let c(d) = d - 7. Let j(h) = 2*h - 8. Let k(w) = 4*c(w) - 3*j(w). Calculate k(-4).
4
Let k(y) = 4*y - 2. Let t be (-3 - -2)/((-15)/30). Calculate k(t).
6
Let u(d) be the first derivative of -d**2/2 + d - 2. Let k(w) = w**2 - 6*w + 3. Let l be k(3). Determine u(l).
7
Let k be 3/(2/(-2)) - 0. Let a(g) = 4*g - 1 - 5*g - 1. What is a(k)?
1
Let l be 1/(-2)*(-8 - -2). Suppose 0 = -3*s - u + l, 2*s + 0*s + 6 = 2*u. Let z(p) = -p**3 - p**2 - 2. Give z(s).
-2
Let r(j) be the second derivative of j**3/6 + j**2/2 + 3*j. What is r(-5)?
-4
Let w(j) be the first derivative of -3*j**2/2 - 4*j - 12. Give w(-3).
5
Suppose -3*r = 4*k - 361, 0 = 5*r - 2*k - 750 + 183. Let t be r/35 - 2/7. Let o(v) = v**3 - 5*v**2 + 4*v - 3. Determine o(t).
-9
Let f be (-1 + -3 - -1) + 5. Let b(k) be the third derivative of -7/6*k**3 + 0*k + 1/60*k**5 + 0 + k**f - 1/8*k**4. Give b(5).
3
Let o(r) = r**3 + 5*r**2 - 6*r + 1. Let c be o(-6). Let b(j) = -j + 3*j - 4*j - 4*j**2 + 10*j**2 + 1. Let m be b(c). Let t(g) = g**2 - 5*g - 1. Determine t(m).
-1
Suppose -5*d + 26 = j, -3*d + 1 = 2*j - 16. Let p(x) = 3*x**3 - x**2 + x - 1. Calculate p(j).
2
Let s(t) = -6*t**2 + 2*t**3 - t**3 + 7 + 2*t**3 - 2*t**3 - t. Give s(6).
1
Let n = 9 + -4. Let z(r) = -r**2 + 6*r + 5. What is z(n)?
10
Let c = -19 + 17. Let x(f) = f**3 + f**2 - 2. What is x(c)?
-6
Suppose 5*f + 4*j - 37 = 5*j, -25 = -5*f - 5*j. Let i(x) = -x + 1. Let g(m) = -4*m - 3. Let z(v) = g(v) - 5*i(v). Give z(f).
-1
Suppose 4*v - 4 - 4 = 0. Let y = v + 3. Let h(a) = -a**3 + 5*a**2 + 2*a + 2. What is h(y)?
12
Let m(r) = r**2 + 6*r - 8. Suppose 49 = -q - 6*q. Calculate m(q).
-1
Let w(k) = 3*k + 1. Let g(c) = c - 3. Let m be g(8). Suppose -4*s + 12 = -l, 0 = 5*s - m*l - 0*l - 30. Give w(s).
7
Suppose -2*u + 12 = -2*a, -4*a - 5*u = -3*a - 18. Suppose 2*q = 6 - 16. Let h = a - q. Let d(s) = -s**2 + 2*s. Give d(h).
-3
Let i(j) = -j**2 + 5*j + 3. Let s(m) = -3*m + 18. Let b be s(7). Calculate i(b).
-21
Let z = 38 + -32. Let f(d) = d**2 - 7*d + 6. Determine f(z).
0
Let z be 18/(-8)*(-16)/(-6). Let y(t) = t + 7. Determine y(z).
1
Let l(x) be the second derivative of 3*x**5/20 - x**2/2 - x. Suppose 5*o - 10 + 30 = -5*a, 2*a = -10. Give l(o).
2
Let b(r) be the first derivative of 4*r - 1/3*r**3 + 7 - 5/2*r**2. Calculate b(-5).
4
Let l be 12/2 - 0/(-1). Let c(v) = v**3 - 5*v**2 - 6*v + 3. Let r be c(l). Let n(m) = 3*m - 2*m**2 + m**r - 1 - 3*m**2 + 6. Calculate n(4).
1
Let z(x) be the third derivative of -x**4/12 - x**3/6 - 2*x**2. Suppose -4*r + 2*b + 0*b = 16, 0 = -r + b - 4. What is z(r)?
7
Let y(s) = s**2 + 4*s - 6. Let t be -5*((-4)/4)/1. Let j = t + -11. What is y(j)?
6
Suppose -g + 4 = 2*n, 5*g = 3*n + 6 + 14. Let t(j) = j + 8. Determine t(n).
8
Suppose 23 = -u - 4*a, 17 = 5*u - 4*u - 4*a. Let l(h) = -9*h + 5. Let w(n) = -3*n + 2. Let r(j) = -6*l(j) + 17*w(j). Give r(u).
-5
Let x(a) = -a**3 - 3*a**2 + a - 3. Let w(c) = c**3 + 2*c**2 + 2. Let u(j) = 5*w(j) + 4*x(j). Determine u(2).
6
Let z(n) = n**2 - n. Let w(p) = -p**3 - 3*p**2 + 5*p + 9. Let y(i) = w(i) - 2*z(i). Suppose -2*o - 15 + 3 = 0. Give y(o).
3
Let l(w) = w**3 + 3*w**2 + w + 1. Let d be l(-2). Let s(x) = 0 - 2 + d*x + 3. Let z = -3 - -4. Give s(z).
4
Let p(t) be the third derivative of t**6/360 - t**5/24 + t**4/6 - t**3/3 - t**2. Let k(z) be the first derivative of p(z). Calculate k(4).
0
Let d(y) be the second derivative of y**6/240 + y**5/120 + y**4/3 - 3*y. Let b(a) be the third derivative of d(a). Give b(1).
4
Let l be (3 - (6 + -2))*-4. Let y(k) = k - 3. What is y(l)?
1
Let n(u) = u**3 + 5*u**2 - 7*u - 1. Let s be n(-6). Let x(l) = -l - s*l + 2*l - l. Determine x(1).
-5
Let w = -2 - -3. Let t(g) be the second derivative of 5*g**3/6 + 2*g. Give t(w).
5
Let f(r) be the third derivative of 11*r**4/24 - 5*r**3/6 + 3*r**2. Let s(j) = -4*j + 2. Let h(c) = 3*f(c) + 8*s(c). What is h(5)?
6
Let m be ((-18)/(-4) - 0)*4. Let j = m - 12. Let h(a) = a - 1. Determine h(j).
5
Let u(m) = m - 2. Suppose 4*z - 18 = 2. Give u(z).
3
Let o(z) = -4*z**2 + 4*z - 11. Let b(w) = -w**2 - w - 1. Let n(g) = -5*b(g) + o(g). Calculate n(-10).
4
Let h = 2 + -1. Let k(m) = -m**2 - 3*m - 1. Let j be k(-2). Let w(i) = 5 + 0 + i - j - 3. Determine w(h).
2
Let z(t) = -t**2 + 3*t + 4. Let f be -3 - (-3 + 2) - 18. Let h be (-3)/(-6) - f/8. Calculate z(h).
4
Let u(r) = -r**3 - 4*r**2 - r + 1. Suppose 0 = -10*l + 8*l - 6. Give u(l).
-5
Let f(n) = n**3 - n**2 + n + 1. Let z = 0 + 5. Suppose -3*m = m + 8, -4*m - 13 = z*j. Give f(j).
-2
Let o = -18 + 21. Let y(a) = 0*a - 3*a - 3 - 2*a**2 + 4*a + 10*a**o - 11*a**3. Determine y(-3).
3
Let c(p) be the first derivative of p**3/3 - 5*p**2/2 - 3*p + 42. Give c(4).
-7
Let c(t) = -t - 6. Let j be (-2)/(-7) - 174/21. Let o be c(j). Let h(b) be the first derivative of -b**4/4 + 2*b**3/3 - b**2/2 - b + 3. Calculate h(o).
-3
Let i(f) = -2*f**3 + 1. Let x be (0 + 2/(-4))*-6. Suppose 16 - 1 = x*n. Suppose n*q - 3 = c + 6, 4*q = 5*c + 3. What is i(c)?
-1
Let x(l) = l - 1. Let f = 11 + -9. Let d(q) = 4*q - 3. Let k(u) = f*d(u) - 9*x(u). Give k(3).
0
Let h(k) = -k + 3. Let n(b) = b - 4. Let c(m) = 5*h(m) + 4*n(m). Give c(5).
-6
Let b(y) = -y + 4. Let a(g) = g**2 - 5*g - 19. Let h be a(8). Give b(h).
-1
Suppose -s - 2*z + 32 = -6*s, 3*s + 3*z = -15. Let g(i) = -2*i - 3. Determine g(s).
9
Let b(f) = -f. Let j be b(-8). Let q(o) = -2*o + 3*o**2 - 5*o**2 - 3*o - j + 4. Give q(-3).
-7
Let z(j) be the second derivative of -j**4/12 - j**3/3 - j**2/2 + 14*j. Calculate z(-1).
0
Suppose 0 = j + j - 2. Let q(w) = w + 0*